{"id":3611,"date":"2019-01-14T10:40:56","date_gmt":"2019-01-14T10:40:56","guid":{"rendered":"https:\/\/www.levfestival.com\/17\/?page_id=3611"},"modified":"2023-07-24T10:56:33","modified_gmt":"2023-07-24T10:56:33","slug":"programacion-gijon-20","status":"publish","type":"page","link":"https:\/\/levfestival.com\/20\/programacion-gijon-20\/","title":{"rendered":"Programaci\u00f3n Gij\u00f3n"},"content":{"rendered":"\n<style type=\"text\/css\" data-created_by=\"avia_inline_auto\" id=\"style-css-av-k376mqq2-4893bb9c661e141e21e606dc17f1cc8c\">\n.avia-section.av-k376mqq2-4893bb9c661e141e21e606dc17f1cc8c{\nbackground-color:#000000;\nbackground-image:unset;\n}\n<\/style>\n<div id='av_section_1'  class='avia-section av-k376mqq2-4893bb9c661e141e21e606dc17f1cc8c main_color avia-section-default avia-no-border-styling  avia-builder-el-0  el_before_av_section  avia-builder-el-first  avia-bg-style-scroll av-minimum-height av-minimum-height-custom  container_wrap fullsize'   data-av_minimum_height_px='280'><div class='container av-section-cont-open' style='height:280px'><main  role=\"main\" itemprop=\"mainContentOfPage\"  class='template-page content  av-content-full alpha units'><div class='post-entry post-entry-type-page post-entry-3611'><div class='entry-content-wrapper clearfix'>\n\n<style type=\"text\/css\" data-created_by=\"avia_inline_auto\" id=\"style-css-av-5jrw7g6-6fe4f2d670c1f7d7bfa74b163390e4df\">\n#top .av_textblock_section.av-5jrw7g6-6fe4f2d670c1f7d7bfa74b163390e4df .avia_textblock{\ncolor:#ffffff;\n}\n<\/style>\n<section  class='av_textblock_section av-5jrw7g6-6fe4f2d670c1f7d7bfa74b163390e4df'  itemscope=\"itemscope\" itemtype=\"https:\/\/schema.org\/CreativeWork\" ><div class='avia_textblock av_inherit_color'  itemprop=\"text\" ><h2 style=\"text-align: center;\"><span style=\"color: #ffffff;\">PROGRAMACI\u00d3N<\/span><\/h2>\n<\/div><\/section>\n\n<style type=\"text\/css\" data-created_by=\"avia_inline_auto\" id=\"style-css-av-kesk9l6v-39c17b473bfc788380f309103b59dae6\">\n#top .hr.hr-invisible.av-kesk9l6v-39c17b473bfc788380f309103b59dae6{\nheight:50px;\n}\n<\/style>\n<div  class='hr av-kesk9l6v-39c17b473bfc788380f309103b59dae6 hr-invisible  avia-builder-el-2  el_after_av_textblock  el_before_av_one_full '><span class='hr-inner '><span class=\"hr-inner-style\"><\/span><\/span><\/div>\n\n<style type=\"text\/css\" data-created_by=\"avia_inline_auto\" id=\"style-css-av-kesnu5r3-57c0205c0cb03a97a827ce86f6a4e73b\">\n.flex_column.av-kesnu5r3-57c0205c0cb03a97a827ce86f6a4e73b{\n-webkit-border-radius:0px 0px 0px 0px;\n-moz-border-radius:0px 0px 0px 0px;\nborder-radius:0px 0px 0px 0px;\npadding:0px 5% 0px 5%;\n}\n<\/style>\n<div class='flex_column av-kesnu5r3-57c0205c0cb03a97a827ce86f6a4e73b av_one_full  avia-builder-el-3  el_after_av_hr  avia-builder-el-last  first flex_column_div '     ><div  id=\"av-sc-portfolio-1\"  class='filtro-categoria grid-sort-container isotope   no_margin-container with-excerpt-container grid-total-even grid-col-2 grid-links-' data-portfolio-id='1'><div data-ajax-id='29320' class=' grid-entry flex_column isotope-item all_sort no_margin post-entry post-entry-29320 grid-entry-overview grid-loop-1 grid-parity-odd  domingo_sort jueves_sort sabado_sort viernes_sort  av_one_half first default_av_fullwidth '><article class='main_color inner-entry'  itemscope=\"itemscope\" itemtype=\"https:\/\/schema.org\/CreativeWork\" ><a href=\"https:\/\/levfestival.com\/20\/lev-gijon\/frozen-music\/\" title='FROZEN MUSIC'  data-rel='grid-1' class='grid-image avia-hover-fx'> <img decoding=\"async\" width=\"600\" height=\"375\" src=\"https:\/\/levfestival.com\/20\/wp-content\/uploads\/sites\/13\/2020\/09\/FROZEN-600x600-1-600x375.jpg\" class=\"wp-image-29321 avia-img-lazy-loading-not-29321 attachment-magazine size-magazine wp-post-image\" alt=\"\" \/><\/a><div class='grid-content'><div class='avia-arrow'><\/div><header class=\"entry-content-header\"><h3 class='grid-entry-title entry-title '  itemprop=\"headline\" ><a href='https:\/\/levfestival.com\/20\/lev-gijon\/frozen-music\/' title='FROZEN MUSIC'>FROZEN MUSIC<\/a><\/h3><\/header><\/div><footer class=\"entry-footer\"><\/footer><\/article><\/div><div data-ajax-id='29317' class=' grid-entry flex_column isotope-item all_sort no_margin post-entry post-entry-29317 grid-entry-overview grid-loop-2 grid-parity-even  post-entry-last  domingo_sort jueves_sort sabado_sort viernes_sort  av_one_half  default_av_fullwidth '><article class='main_color inner-entry'  itemscope=\"itemscope\" itemtype=\"https:\/\/schema.org\/CreativeWork\" ><a href=\"https:\/\/levfestival.com\/20\/lev-gijon\/row\/\" title='ROW'  data-rel='grid-1' class='grid-image avia-hover-fx'> <img decoding=\"async\" width=\"600\" height=\"375\" src=\"https:\/\/levfestival.com\/20\/wp-content\/uploads\/sites\/13\/2020\/09\/TUNDRA-600x600-1-600x375.jpg\" class=\"wp-image-29318 avia-img-lazy-loading-not-29318 attachment-magazine size-magazine wp-post-image\" alt=\"\" \/><\/a><div class='grid-content'><div class='avia-arrow'><\/div><header class=\"entry-content-header\"><h3 class='grid-entry-title entry-title '  itemprop=\"headline\" ><a href='https:\/\/levfestival.com\/20\/lev-gijon\/row\/' title='ROW'>ROW<\/a><\/h3><\/header><\/div><footer class=\"entry-footer\"><\/footer><\/article><\/div><\/div><\/div><\/div><\/div><\/main><!-- close content main element --><\/div><\/div>\n<style type=\"text\/css\" data-created_by=\"avia_inline_auto\" id=\"style-css-av-k6i8raga-3f7ecaeee6fdd25e8eba25e0d29ab63e\">\n.avia-section.av-k6i8raga-3f7ecaeee6fdd25e8eba25e0d29ab63e{\nbackground-color:#000000;\nbackground-image:unset;\n}\n<\/style>\n<div id='av_section_2'  class='avia-section av-k6i8raga-3f7ecaeee6fdd25e8eba25e0d29ab63e main_color avia-section-default avia-no-border-styling  avia-builder-el-5  el_after_av_section  avia-builder-el-last  avia-bg-style-scroll container_wrap fullsize'  ><div class='container av-section-cont-open' ><div class='template-page content  av-content-full alpha units'><div class='post-entry post-entry-type-page post-entry-3611'><div class='entry-content-wrapper clearfix'>\n\n<style type=\"text\/css\" data-created_by=\"avia_inline_auto\" id=\"style-css-av-jqqntr3p-6cc68a301c2aeb23296ddae5e21e75d7\">\n.flex_column.av-jqqntr3p-6cc68a301c2aeb23296ddae5e21e75d7{\n-webkit-border-radius:0px 0px 0px 0px;\n-moz-border-radius:0px 0px 0px 0px;\nborder-radius:0px 0px 0px 0px;\npadding:0px 10% 0px 10%;\n}\n<\/style>\n<div class='flex_column av-jqqntr3p-6cc68a301c2aeb23296ddae5e21e75d7 av_one_full  avia-builder-el-6  avia-builder-el-no-sibling  first flex_column_div '     ><p>\n<style type=\"text\/css\" data-created_by=\"avia_inline_auto\" id=\"style-css-av-av_heading-9c86c18d171fae3f24e56f1f6b9af46a\">\n#top .av-special-heading.av-av_heading-9c86c18d171fae3f24e56f1f6b9af46a{\npadding-bottom:20px;\ncolor:#ffffff;\nfont-size:28px;\n}\nbody .av-special-heading.av-av_heading-9c86c18d171fae3f24e56f1f6b9af46a .av-special-heading-tag .heading-char{\nfont-size:25px;\n}\n#top #wrap_all .av-special-heading.av-av_heading-9c86c18d171fae3f24e56f1f6b9af46a .av-special-heading-tag{\nfont-size:28px;\n}\n.av-special-heading.av-av_heading-9c86c18d171fae3f24e56f1f6b9af46a .special-heading-inner-border{\nborder-color:#ffffff;\n}\n.av-special-heading.av-av_heading-9c86c18d171fae3f24e56f1f6b9af46a .av-subheading{\nfont-size:18px;\n}\n\n@media only screen and (min-width: 480px) and (max-width: 767px){ \n#top #wrap_all .av-special-heading.av-av_heading-9c86c18d171fae3f24e56f1f6b9af46a .av-special-heading-tag{\nfont-size:0.8em;\n}\n}\n\n@media only screen and (max-width: 479px){ \n#top #wrap_all .av-special-heading.av-av_heading-9c86c18d171fae3f24e56f1f6b9af46a .av-special-heading-tag{\nfont-size:0.8em;\n}\n}\n<\/style>\n<div  class='av-special-heading av-av_heading-9c86c18d171fae3f24e56f1f6b9af46a av-special-heading-h1 custom-color-heading blockquote modern-quote modern-centered  avia-builder-el-7  el_before_av_video  avia-builder-el-first  av-inherit-size'><h1 class='av-special-heading-tag'  itemprop=\"headline\"  >As\u00ed fue L.E.V. 2019<\/h1><div class=\"special-heading-border\"><div class=\"special-heading-inner-border\"><\/div><\/div><\/div><br \/>\n<div  class='avia-video av-2hso8r-daa3a6970c95c0acb74115357679c70e avia-video-16-9 av-no-preview-image avia-video-load-always av-lazyload-immediate av-lazyload-video-embed'  itemprop=\"video\" itemtype=\"https:\/\/schema.org\/VideoObject\"  data-original_url='https:\/\/vimeo.com\/363252061'><script type='text\/html' class='av-video-tmpl'><div class='avia-iframe-wrap'><iframe loading=\"lazy\" title=\"L.E.V. Festival 2019\" src=\"https:\/\/player.vimeo.com\/video\/363252061?h=ba91e8b062&amp;dnt=1&amp;app_id=122963&autoplay=0&loop=0&controls=1&muted=0\" width=\"1500\" height=\"844\" frameborder=\"0\" allow=\"autoplay; fullscreen; picture-in-picture\" allowfullscreen><\/iframe><\/div><\/script><div class='av-click-to-play-overlay'><div class=\"avia_playpause_icon\"><\/div><\/div><\/div><\/p><\/div>\n<\/p>\n","protected":false},"excerpt":{"rendered":"","protected":false},"author":1,"featured_media":0,"parent":0,"menu_order":0,"comment_status":"closed","ping_status":"closed","template":"","meta":{"footnotes":""},"class_list":["post-3611","page","type-page","status-publish","hentry"],"yoast_head":"<!-- This site is optimized with the Yoast SEO plugin v20.7 - https:\/\/yoast.com\/wordpress\/plugins\/seo\/ -->\n<title>Programaci\u00f3n Gij\u00f3n - LEV Festival 2020<\/title>\n<meta name=\"robots\" content=\"index, follow, max-snippet:-1, max-image-preview:large, max-video-preview:-1\" \/>\n<link rel=\"canonical\" href=\"https:\/\/levfestival.com\/20\/programacion-gijon-20\/\" \/>\n<meta property=\"og:locale\" content=\"es_ES\" \/>\n<meta property=\"og:type\" content=\"article\" \/>\n<meta property=\"og:title\" content=\"L.E.V. 2020 \/ Gij\u00f3n\" \/>\n<meta property=\"og:description\" content=\"L.E.V. (Laboratorio de Electr\u00f3nica Visual) es un festival centrado en la sinergia entre la imagen y el sonido mediante la creaci\u00f3n sonora electr\u00f3nica y las nuevas tendencias art\u00edsticas.\" \/>\n<meta property=\"og:url\" content=\"https:\/\/levfestival.com\/20\/programacion-gijon-20\/\" \/>\n<meta property=\"og:site_name\" content=\"LEV Festival 2020\" \/>\n<meta property=\"article:modified_time\" content=\"2023-07-24T10:56:33+00:00\" \/>\n<meta property=\"og:image\" content=\"https:\/\/levfestival.com\/20\/wp-content\/uploads\/sites\/13\/2020\/05\/cabecera_1200x630.jpg\" \/>\n\t<meta property=\"og:image:width\" content=\"1200\" \/>\n\t<meta property=\"og:image:height\" content=\"630\" \/>\n\t<meta property=\"og:image:type\" content=\"image\/jpeg\" \/>\n<meta name=\"twitter:card\" content=\"summary_large_image\" \/>\n<meta name=\"twitter:title\" content=\"L.E.V. 2020 \/ Gij\u00f3n\" \/>\n<meta name=\"twitter:description\" content=\"L.E.V. (Laboratorio de Electr\u00f3nica Visual) es un festival centrado en la sinergia entre la imagen y el sonido mediante la creaci\u00f3n sonora electr\u00f3nica y las nuevas tendencias art\u00edsticas.\" \/>\n<meta name=\"twitter:image\" content=\"https:\/\/levfestival.com\/20\/wp-content\/uploads\/sites\/13\/2020\/05\/cabecera_1024x512.jpg\" \/>\n<meta name=\"twitter:label1\" content=\"Tiempo de lectura\" \/>\n\t<meta name=\"twitter:data1\" content=\"2 minutos\" \/>\n<script type=\"application\/ld+json\" class=\"yoast-schema-graph\">{\"@context\":\"https:\/\/schema.org\",\"@graph\":[{\"@type\":\"WebPage\",\"@id\":\"https:\/\/levfestival.com\/20\/programacion-gijon-20\/\",\"url\":\"https:\/\/levfestival.com\/20\/programacion-gijon-20\/\",\"name\":\"Programaci\u00f3n Gij\u00f3n - LEV Festival 2020\",\"isPartOf\":{\"@id\":\"https:\/\/levfestival.com\/20\/#website\"},\"datePublished\":\"2019-01-14T10:40:56+00:00\",\"dateModified\":\"2023-07-24T10:56:33+00:00\",\"breadcrumb\":{\"@id\":\"https:\/\/levfestival.com\/20\/programacion-gijon-20\/#breadcrumb\"},\"inLanguage\":\"es\",\"potentialAction\":[{\"@type\":\"ReadAction\",\"target\":[\"https:\/\/levfestival.com\/20\/programacion-gijon-20\/\"]}]},{\"@type\":\"BreadcrumbList\",\"@id\":\"https:\/\/levfestival.com\/20\/programacion-gijon-20\/#breadcrumb\",\"itemListElement\":[{\"@type\":\"ListItem\",\"position\":1,\"name\":\"Portada\",\"item\":\"https:\/\/levfestival.com\/20\/lev-general\/\"},{\"@type\":\"ListItem\",\"position\":2,\"name\":\"Programaci\u00f3n Gij\u00f3n\"}]},{\"@type\":\"WebSite\",\"@id\":\"https:\/\/levfestival.com\/20\/#website\",\"url\":\"https:\/\/levfestival.com\/20\/\",\"name\":\"LEV Festival 2020\",\"description\":\"\",\"potentialAction\":[{\"@type\":\"SearchAction\",\"target\":{\"@type\":\"EntryPoint\",\"urlTemplate\":\"https:\/\/levfestival.com\/20\/?s={search_term_string}\"},\"query-input\":\"required name=search_term_string\"}],\"inLanguage\":\"es\"}]}<\/script>\n<!-- \/ Yoast SEO plugin. -->","yoast_head_json":{"title":"Programaci\u00f3n Gij\u00f3n - LEV Festival 2020","robots":{"index":"index","follow":"follow","max-snippet":"max-snippet:-1","max-image-preview":"max-image-preview:large","max-video-preview":"max-video-preview:-1"},"canonical":"https:\/\/levfestival.com\/20\/programacion-gijon-20\/","og_locale":"es_ES","og_type":"article","og_title":"L.E.V. 2020 \/ Gij\u00f3n","og_description":"L.E.V. (Laboratorio de Electr\u00f3nica Visual) es un festival centrado en la sinergia entre la imagen y el sonido mediante la creaci\u00f3n sonora electr\u00f3nica y las nuevas tendencias art\u00edsticas.","og_url":"https:\/\/levfestival.com\/20\/programacion-gijon-20\/","og_site_name":"LEV Festival 2020","article_modified_time":"2023-07-24T10:56:33+00:00","og_image":[{"width":1200,"height":630,"url":"https:\/\/levfestival.com\/20\/wp-content\/uploads\/sites\/13\/2020\/05\/cabecera_1200x630.jpg","type":"image\/jpeg"}],"twitter_card":"summary_large_image","twitter_title":"L.E.V. 2020 \/ Gij\u00f3n","twitter_description":"L.E.V. (Laboratorio de Electr\u00f3nica Visual) es un festival centrado en la sinergia entre la imagen y el sonido mediante la creaci\u00f3n sonora electr\u00f3nica y las nuevas tendencias art\u00edsticas.","twitter_image":"https:\/\/levfestival.com\/20\/wp-content\/uploads\/sites\/13\/2020\/05\/cabecera_1024x512.jpg","twitter_misc":{"Tiempo de lectura":"2 minutos"},"schema":{"@context":"https:\/\/schema.org","@graph":[{"@type":"WebPage","@id":"https:\/\/levfestival.com\/20\/programacion-gijon-20\/","url":"https:\/\/levfestival.com\/20\/programacion-gijon-20\/","name":"Programaci\u00f3n Gij\u00f3n - LEV Festival 2020","isPartOf":{"@id":"https:\/\/levfestival.com\/20\/#website"},"datePublished":"2019-01-14T10:40:56+00:00","dateModified":"2023-07-24T10:56:33+00:00","breadcrumb":{"@id":"https:\/\/levfestival.com\/20\/programacion-gijon-20\/#breadcrumb"},"inLanguage":"es","potentialAction":[{"@type":"ReadAction","target":["https:\/\/levfestival.com\/20\/programacion-gijon-20\/"]}]},{"@type":"BreadcrumbList","@id":"https:\/\/levfestival.com\/20\/programacion-gijon-20\/#breadcrumb","itemListElement":[{"@type":"ListItem","position":1,"name":"Portada","item":"https:\/\/levfestival.com\/20\/lev-general\/"},{"@type":"ListItem","position":2,"name":"Programaci\u00f3n Gij\u00f3n"}]},{"@type":"WebSite","@id":"https:\/\/levfestival.com\/20\/#website","url":"https:\/\/levfestival.com\/20\/","name":"LEV Festival 2020","description":"","potentialAction":[{"@type":"SearchAction","target":{"@type":"EntryPoint","urlTemplate":"https:\/\/levfestival.com\/20\/?s={search_term_string}"},"query-input":"required name=search_term_string"}],"inLanguage":"es"}]}},"_links":{"self":[{"href":"https:\/\/levfestival.com\/20\/wp-json\/wp\/v2\/pages\/3611","targetHints":{"allow":["GET"]}}],"collection":[{"href":"https:\/\/levfestival.com\/20\/wp-json\/wp\/v2\/pages"}],"about":[{"href":"https:\/\/levfestival.com\/20\/wp-json\/wp\/v2\/types\/page"}],"author":[{"embeddable":true,"href":"https:\/\/levfestival.com\/20\/wp-json\/wp\/v2\/users\/1"}],"replies":[{"embeddable":true,"href":"https:\/\/levfestival.com\/20\/wp-json\/wp\/v2\/comments?post=3611"}],"version-history":[{"count":1,"href":"https:\/\/levfestival.com\/20\/wp-json\/wp\/v2\/pages\/3611\/revisions"}],"predecessor-version":[{"id":32901,"href":"https:\/\/levfestival.com\/20\/wp-json\/wp\/v2\/pages\/3611\/revisions\/32901"}],"wp:attachment":[{"href":"https:\/\/levfestival.com\/20\/wp-json\/wp\/v2\/media?parent=3611"}],"curies":[{"name":"wp","href":"https:\/\/api.w.org\/{rel}","templated":true}]}}