{"id":272,"date":"2023-07-25T11:28:31","date_gmt":"2023-07-25T11:28:31","guid":{"rendered":"https:\/\/levfestival.com\/23-matadero\/?page_id=272"},"modified":"2024-02-02T14:48:32","modified_gmt":"2024-02-02T14:48:32","slug":"como-llegar","status":"publish","type":"page","link":"https:\/\/levfestival.com\/23-matadero\/como-llegar\/","title":{"rendered":"C\u00f3mo llegar"},"content":{"rendered":"\n<style type=\"text\/css\" data-created_by=\"avia_inline_auto\" id=\"style-css-av-av_section-844d08a48c46c01552d3bdbd708b7d08\">\n.avia-section.av-av_section-844d08a48c46c01552d3bdbd708b7d08{\nbackground-color:#1d1d1b;\nbackground-image:unset;\n}\n<\/style>\n<div id='av_section_1'  class='avia-section av-av_section-844d08a48c46c01552d3bdbd708b7d08 main_color avia-section-default avia-no-border-styling  avia-builder-el-0  avia-builder-el-no-sibling  avia-bg-style-scroll av-minimum-height av-minimum-height-custom  container_wrap fullsize'   data-av_minimum_height_px='280'><div class='container av-section-cont-open' style='height:280px'><main  role=\"main\" itemprop=\"mainContentOfPage\"  class='template-page content  av-content-full alpha units'><div class='post-entry post-entry-type-page post-entry-272'><div class='entry-content-wrapper clearfix'>\n<div  class='avia-slideshow av-av_slideshow-38ce3f66e8760e9cbdeb1e25185663a5 avia-slideshow-no scaling av_slideshow avia-slide-slider  avia-builder-el-1  el_before_av_one_half  avia-builder-el-first  av-slideshow-ui av-control-default av-slideshow-manual av-loop-once av-loop-manual-endless av-default-height-applied avia-slideshow-1' data-slideshow-options=\"{&quot;animation&quot;:&quot;slide&quot;,&quot;autoplay&quot;:false,&quot;loop_autoplay&quot;:&quot;once&quot;,&quot;interval&quot;:5,&quot;loop_manual&quot;:&quot;manual-endless&quot;,&quot;autoplay_stopper&quot;:false,&quot;noNavigation&quot;:false,&quot;bg_slider&quot;:false,&quot;keep_padding&quot;:false,&quot;hoverpause&quot;:false,&quot;show_slide_delay&quot;:0}\"  itemprop=\"image\" itemscope=\"itemscope\" itemtype=\"https:\/\/schema.org\/ImageObject\" ><ul class='avia-slideshow-inner ' style='padding-bottom: 50%;'><li  class='avia-slideshow-slide av-av_slideshow-38ce3f66e8760e9cbdeb1e25185663a5__0  av-single-slide slide-1 slide-odd'><div data-rel='slideshow-1' class='avia-slide-wrap '   ><img decoding=\"async\" class=\"wp-image-275 avia-img-lazy-loading-not-275\"  src=\"https:\/\/levfestival.com\/23-matadero\/wp-content\/uploads\/sites\/10\/2023\/07\/LEV2019Matadero_Deposito.jpg\" width=\"1200\" height=\"600\" title='LEV2019Matadero_Deposito' alt=''  itemprop=\"thumbnailUrl\" srcset=\"https:\/\/levfestival.com\/23-matadero\/wp-content\/uploads\/sites\/10\/2023\/07\/LEV2019Matadero_Deposito.jpg 1200w, https:\/\/levfestival.com\/23-matadero\/wp-content\/uploads\/sites\/10\/2023\/07\/LEV2019Matadero_Deposito-300x150.jpg 300w, https:\/\/levfestival.com\/23-matadero\/wp-content\/uploads\/sites\/10\/2023\/07\/LEV2019Matadero_Deposito-1030x515.jpg 1030w, https:\/\/levfestival.com\/23-matadero\/wp-content\/uploads\/sites\/10\/2023\/07\/LEV2019Matadero_Deposito-768x384.jpg 768w, https:\/\/levfestival.com\/23-matadero\/wp-content\/uploads\/sites\/10\/2023\/07\/LEV2019Matadero_Deposito-705x353.jpg 705w\" sizes=\"(max-width: 1200px) 100vw, 1200px\" \/><\/div><\/li><\/ul><\/div>\n\n<style type=\"text\/css\" data-created_by=\"avia_inline_auto\" id=\"style-css-av-av_one_half-36b1f2994515420fa61e30c3ad9d5f21\">\n.flex_column.av-av_one_half-36b1f2994515420fa61e30c3ad9d5f21{\nwidth:47.5%;\n-webkit-border-radius:0px 0px 0px 0px;\n-moz-border-radius:0px 0px 0px 0px;\nborder-radius:0px 0px 0px 0px;\npadding:0px 0px 0px 0px;\n}\n<\/style>\n<div class='flex_column av-av_one_half-36b1f2994515420fa61e30c3ad9d5f21 av_one_half  avia-builder-el-2  el_after_av_slideshow  el_before_av_one_half  first flex_column_div av-zero-column-padding '     ><style type=\"text\/css\" data-created_by=\"avia_inline_auto\" id=\"style-css-av-av_textblock-9c02898517891ed0b33d7328322ef790\">\n#top .av_textblock_section.av-av_textblock-9c02898517891ed0b33d7328322ef790 .avia_textblock{\ncolor:#ffffff;\n}\n<\/style>\n<section  class='av_textblock_section av-av_textblock-9c02898517891ed0b33d7328322ef790'  itemscope=\"itemscope\" itemtype=\"https:\/\/schema.org\/CreativeWork\" ><div class='avia_textblock av_inherit_color'  itemprop=\"text\" ><p style=\"text-align: justify;\"><strong>L.E.V. Matadero<\/strong> tiene lugar en el centro de <strong>creaci\u00f3n contempor\u00e1nea <a href=\"https:\/\/www.mataderomadrid.org\" target=\"_blank\" rel=\"noopener\">Matadero Madrid<\/a><\/strong>. Promovido por el \u00c1rea de Gobierno de Cultura y Deportes del Ayuntamiento de Madrid, Matadero abri\u00f3 sus puertas al p\u00fablico en 2007. Situado en el antiguo matadero y mercado de ganados de la ciudad, es un recinto de gran valor patrimonial y arquitect\u00f3nico, de enorme personalidad y referente ciudadano.<\/p>\n<\/div><\/section><\/div>\n<style type=\"text\/css\" data-created_by=\"avia_inline_auto\" id=\"style-css-av-av_one_half-7984035d50f0055e2d8c0f71fa3ebd04\">\n.flex_column.av-av_one_half-7984035d50f0055e2d8c0f71fa3ebd04{\nwidth:47.5%;\nmargin-left:5%;\n-webkit-border-radius:0px 0px 0px 0px;\n-moz-border-radius:0px 0px 0px 0px;\nborder-radius:0px 0px 0px 0px;\npadding:0px 0px 0px 0px;\n}\n<\/style>\n<div class='flex_column av-av_one_half-7984035d50f0055e2d8c0f71fa3ebd04 av_one_half  avia-builder-el-4  el_after_av_one_half  el_before_av_hr  flex_column_div av-zero-column-padding '     ><style type=\"text\/css\" data-created_by=\"avia_inline_auto\" id=\"style-css-av-av_textblock-9c02898517891ed0b33d7328322ef790\">\n#top .av_textblock_section.av-av_textblock-9c02898517891ed0b33d7328322ef790 .avia_textblock{\ncolor:#ffffff;\n}\n<\/style>\n<section  class='av_textblock_section av-av_textblock-9c02898517891ed0b33d7328322ef790'  itemscope=\"itemscope\" itemtype=\"https:\/\/schema.org\/CreativeWork\" ><div class='avia_textblock av_inherit_color'  itemprop=\"text\" ><p style=\"text-align: justify;\"><strong>Matadero Madrid<\/strong> es un centro para la creaci\u00f3n y producci\u00f3n cultural en el que se dan cita todas las formas de investigaci\u00f3n y expresi\u00f3n art\u00edsticas contempor\u00e1neas: las artes visuales, esc\u00e9nicas y performativas, el dise\u00f1o, la literatura, la cultura digital, la arquitectura, y otras muchas pr\u00e1cticas creativas.<\/p>\n<\/div><\/section><\/div>\n<style type=\"text\/css\" data-created_by=\"avia_inline_auto\" id=\"style-css-av-av_hr-3a876428eececa9d35452247ddb053af\">\n#top .hr.hr-invisible.av-av_hr-3a876428eececa9d35452247ddb053af{\nheight:50px;\n}\n<\/style>\n<div  class='hr av-av_hr-3a876428eececa9d35452247ddb053af hr-invisible  avia-builder-el-6  el_after_av_one_half  el_before_av_heading '><span class='hr-inner '><span class=\"hr-inner-style\"><\/span><\/span><\/div>\n\n<style type=\"text\/css\" data-created_by=\"avia_inline_auto\" id=\"style-css-av-av_heading-b1317f2a069784d725d520e587ccc81e\">\n#top .av-special-heading.av-av_heading-b1317f2a069784d725d520e587ccc81e{\npadding-bottom:10px;\ncolor:#ffffff;\n}\nbody .av-special-heading.av-av_heading-b1317f2a069784d725d520e587ccc81e .av-special-heading-tag .heading-char{\nfont-size:25px;\n}\n.av-special-heading.av-av_heading-b1317f2a069784d725d520e587ccc81e .special-heading-inner-border{\nborder-color:#ffffff;\n}\n.av-special-heading.av-av_heading-b1317f2a069784d725d520e587ccc81e .av-subheading{\nfont-size:15px;\n}\n<\/style>\n<div  class='av-special-heading av-av_heading-b1317f2a069784d725d520e587ccc81e av-special-heading-h1 custom-color-heading blockquote modern-quote  avia-builder-el-7  el_after_av_hr  el_before_av_hr '><h1 class='av-special-heading-tag'  itemprop=\"headline\"  >C\u00f3mo llegar<\/h1><div class=\"special-heading-border\"><div class=\"special-heading-inner-border\"><\/div><\/div><\/div>\n\n<style type=\"text\/css\" data-created_by=\"avia_inline_auto\" id=\"style-css-av-av_hr-3a876428eececa9d35452247ddb053af\">\n#top .hr.hr-invisible.av-av_hr-3a876428eececa9d35452247ddb053af{\nheight:50px;\n}\n<\/style>\n<div  class='hr av-av_hr-3a876428eececa9d35452247ddb053af hr-invisible  avia-builder-el-8  el_after_av_heading  el_before_av_one_half '><span class='hr-inner '><span class=\"hr-inner-style\"><\/span><\/span><\/div>\n<div class='flex_column_table av-av_one_half-7918521791b393511d4af9f514862ea5 sc-av_one_half av-equal-height-column-flextable'>\n<style type=\"text\/css\" data-created_by=\"avia_inline_auto\" id=\"style-css-av-av_one_half-7918521791b393511d4af9f514862ea5\">\n.flex_column.av-av_one_half-7918521791b393511d4af9f514862ea5{\nwidth:47.5%;\nmargin-left:0;\n-webkit-border-radius:0px 0px 0px 0px;\n-moz-border-radius:0px 0px 0px 0px;\nborder-radius:0px 0px 0px 0px;\npadding:0px 0px 0px 0px;\n}\n#top .flex_column_table.av-equal-height-column-flextable.av-av_one_half-7918521791b393511d4af9f514862ea5 .av-flex-placeholder{\nwidth:5%;\n}\n<\/style>\n<div class='flex_column av-av_one_half-7918521791b393511d4af9f514862ea5 av_one_half  avia-builder-el-9  el_after_av_hr  el_before_av_one_half  first flex_column_table_cell av-equal-height-column av-align-middle av-zero-column-padding '     ><\/div><div class='av-flex-placeholder'><\/div>\n<style type=\"text\/css\" data-created_by=\"avia_inline_auto\" id=\"style-css-av-av_one_half-7984035d50f0055e2d8c0f71fa3ebd04\">\n.flex_column.av-av_one_half-7984035d50f0055e2d8c0f71fa3ebd04{\nwidth:47.5%;\nmargin-left:0;\n-webkit-border-radius:0px 0px 0px 0px;\n-moz-border-radius:0px 0px 0px 0px;\nborder-radius:0px 0px 0px 0px;\npadding:0px 0px 0px 0px;\n}\n#top .flex_column_table.av-equal-height-column-flextable.av-av_one_half-7984035d50f0055e2d8c0f71fa3ebd04 .av-flex-placeholder{\nwidth:5%;\n}\n<\/style>\n<div class='flex_column av-av_one_half-7984035d50f0055e2d8c0f71fa3ebd04 av_one_half flex_column_table_cell av-equal-height-column av-align-middle av-zero-column-padding '     ><style type=\"text\/css\" data-created_by=\"avia_inline_auto\" id=\"style-css-av-av_textblock-9c02898517891ed0b33d7328322ef790\">\n#top .av_textblock_section.av-av_textblock-9c02898517891ed0b33d7328322ef790 .avia_textblock{\ncolor:#ffffff;\n}\n<\/style>\n<section  class='av_textblock_section av-av_textblock-9c02898517891ed0b33d7328322ef790'  itemscope=\"itemscope\" itemtype=\"https:\/\/schema.org\/CreativeWork\" ><div class='avia_textblock av_inherit_color'  itemprop=\"text\" ><p><strong>ACCESOS<\/strong><\/p>\n<p><strong>Matadero Madrid. Centro de Creaci\u00f3n Contempor\u00e1nea<\/strong><br \/>\nPaseo de la Chopera 14 \/ Plaza de Legazpi 8<\/p>\n<p>Metro: Legazpi (l\u00edneas 3 y 6)<br \/>\nAutobuses EMT: 6, 8, 18, 19, 45, 78 y 148<br \/>\nCercan\u00edas: Embajadores (m\u00e1s cercano a 1,3 kil\u00f3metros) y Pir\u00e1mides.<\/p>\n<\/div><\/section><\/div><\/div><!--close column table wrapper. Autoclose: 1 --><div class='flex_column av-av_one_half-7714eba142aeda1f8b5272a3c372b279 av_one_half  avia-builder-el-11  el_after_av_one_half  el_before_av_one_half  first flex_column_div column-top-margin'     ><p>\n<style type=\"text\/css\" data-created_by=\"avia_inline_auto\" id=\"style-css-av-av_hr-3b2307b683e43c7f5a7eb383cfb8815f\">\n#top .hr.hr-invisible.av-av_hr-3b2307b683e43c7f5a7eb383cfb8815f{\nheight:80px;\n}\n<\/style>\n<div  class='hr av-av_hr-3b2307b683e43c7f5a7eb383cfb8815f hr-invisible'><span class='hr-inner '><span class=\"hr-inner-style\"><\/span><\/span><\/div><br \/>\n\n<style type=\"text\/css\" data-created_by=\"avia_inline_auto\" id=\"style-css-av-av_heading-42545615cce30807e9016642c75be890\">\n#top .av-special-heading.av-av_heading-42545615cce30807e9016642c75be890{\npadding-bottom:10px;\ncolor:#ffffff;\n}\nbody .av-special-heading.av-av_heading-42545615cce30807e9016642c75be890 .av-special-heading-tag .heading-char{\nfont-size:25px;\n}\n.av-special-heading.av-av_heading-42545615cce30807e9016642c75be890 .special-heading-inner-border{\nborder-color:#ffffff;\n}\n.av-special-heading.av-av_heading-42545615cce30807e9016642c75be890 .av-subheading{\nfont-size:15px;\n}\n<\/style>\n<div  class='av-special-heading av-av_heading-42545615cce30807e9016642c75be890 av-special-heading-h1 custom-color-heading blockquote modern-quote'><h1 class='av-special-heading-tag'  itemprop=\"headline\"  >Plano espacios L.E.V. Matadero<\/h1><div class=\"special-heading-border\"><div class=\"special-heading-inner-border\"><\/div><\/div><\/div><\/p><\/div>\n<style type=\"text\/css\" data-created_by=\"avia_inline_auto\" id=\"style-css-av-av_hr-3a876428eececa9d35452247ddb053af\">\n#top .hr.hr-invisible.av-av_hr-3a876428eececa9d35452247ddb053af{\nheight:50px;\n}\n<\/style>\n<div  class='hr av-av_hr-3a876428eececa9d35452247ddb053af hr-invisible'><span class='hr-inner '><span class=\"hr-inner-style\"><\/span><\/span><\/div>\n<div class='flex_column_table av-av_one_half-4acc58eb5ef3f716e02195c947a6fef9 sc-av_one_half av-equal-height-column-flextable'>\n<style type=\"text\/css\" data-created_by=\"avia_inline_auto\" id=\"style-css-av-av_one_half-4acc58eb5ef3f716e02195c947a6fef9\">\n.flex_column.av-av_one_half-4acc58eb5ef3f716e02195c947a6fef9{\n-webkit-border-radius:0px 0px 0px 0px;\n-moz-border-radius:0px 0px 0px 0px;\nborder-radius:0px 0px 0px 0px;\npadding:0px 0px 0px 0px;\n}\n<\/style>\n<div class='flex_column av-av_one_half-4acc58eb5ef3f716e02195c947a6fef9 av_one_half  avia-builder-el-12  el_after_av_one_half  el_before_av_hr  first flex_column_table_cell av-equal-height-column av-align-middle av-zero-column-padding column-top-margin'     ><div  class='av-hotspot-image-container av-av_image_hotspot-950880798862f0a1429070b28bfa60f6 av-hotspot-numbered av-close-on-click-tooltip avia_animated_image avia_animate_when_almost_visible fade-in  av-non-fullwidth-hotspot-image'  itemprop=\"image\" itemscope=\"itemscope\" itemtype=\"https:\/\/schema.org\/ImageObject\" ><div class='av-hotspot-container'><div class='av-hotspot-container-inner-cell'><div class='av-hotspot-container-inner-wrap'><img decoding=\"async\" class='wp-image-1037 avia-img-lazy-loading-not-1037 avia_image' src=\"https:\/\/levfestival.com\/23-matadero\/wp-content\/uploads\/sites\/10\/2023\/09\/Plano-General-LEV_MATADERO_2023.jpg\" alt='' title='Plano General LEV_MATADERO_2023'  height=\"699\" width=\"963\"  itemprop=\"thumbnailUrl\" srcset=\"https:\/\/levfestival.com\/23-matadero\/wp-content\/uploads\/sites\/10\/2023\/09\/Plano-General-LEV_MATADERO_2023.jpg 963w, https:\/\/levfestival.com\/23-matadero\/wp-content\/uploads\/sites\/10\/2023\/09\/Plano-General-LEV_MATADERO_2023-300x218.jpg 300w, https:\/\/levfestival.com\/23-matadero\/wp-content\/uploads\/sites\/10\/2023\/09\/Plano-General-LEV_MATADERO_2023-768x557.jpg 768w, https:\/\/levfestival.com\/23-matadero\/wp-content\/uploads\/sites\/10\/2023\/09\/Plano-General-LEV_MATADERO_2023-705x512.jpg 705w\" sizes=\"(max-width: 963px) 100vw, 963px\" \/><\/div><\/div><\/div><\/div><\/div><\/div><!--close column table wrapper. Autoclose: 1 --><div class='flex_column_table av-av_one_half-7984035d50f0055e2d8c0f71fa3ebd04 sc-av_one_half av-equal-height-column-flextable'><div class='av-flex-placeholder'><\/div>\n<style type=\"text\/css\" data-created_by=\"avia_inline_auto\" id=\"style-css-av-av_one_half-7984035d50f0055e2d8c0f71fa3ebd04\">\n.flex_column.av-av_one_half-7984035d50f0055e2d8c0f71fa3ebd04{\n-webkit-border-radius:0px 0px 0px 0px;\n-moz-border-radius:0px 0px 0px 0px;\nborder-radius:0px 0px 0px 0px;\npadding:0px 0px 0px 0px;\n}\n<\/style>\n<div class='flex_column av-av_one_half-7984035d50f0055e2d8c0f71fa3ebd04 av_one_half flex_column_table_cell av-equal-height-column av-align-middle av-zero-column-padding column-top-margin'     ><style type=\"text\/css\" data-created_by=\"avia_inline_auto\" id=\"style-css-av-av_textblock-9c02898517891ed0b33d7328322ef790\">\n#top .av_textblock_section.av-av_textblock-9c02898517891ed0b33d7328322ef790 .avia_textblock{\ncolor:#ffffff;\n}\n<\/style>\n<section  class='av_textblock_section av-av_textblock-9c02898517891ed0b33d7328322ef790'  itemscope=\"itemscope\" itemtype=\"https:\/\/schema.org\/CreativeWork\" ><div class='avia_textblock av_inherit_color'  itemprop=\"text\" ><p>[<span style=\"color: white; font-size: 30px; line-height: 30px !important; vertical-align: middle !important;\">\u2022<\/span>] Punto de informaci\u00f3n<br \/>\n[<span style=\"color: red; font-size: 30px; line-height: 30px !important; vertical-align: middle !important;\">\u2022<\/span>] Taquilla<br \/>\n[<span style=\"color: yellow; font-size: 30px; line-height: 30px !important; vertical-align: middle !important;\">\u2022<\/span>] Puntos de acceso<br \/>\n[<span style=\"font-size: 18px; line-height: 30px !important; vertical-align: middle !important;\">1<\/span>] Espacio VORTEX. Nave 0<br \/>\n[<span style=\"font-size: 18px; line-height: 30px !important; vertical-align: middle !important;\">2<\/span>] Conciertos y Performances AV. Central de Dise\u00f1o<br \/>\n[<span style=\"font-size: 18px; line-height: 30px !important; vertical-align: middle !important;\">3<\/span>] Conciertos y Performances AV. Auditorio Casa del Lector<br \/>\n[<span style=\"font-size: 18px; line-height: 30px !important; vertical-align: middle !important;\">4<\/span>] Instalaci\u00f3n AV. Sala Plat\u00f3, Cineteca<br \/>\n[<span style=\"font-size: 18px; line-height: 30px !important; vertical-align: middle !important;\">5<\/span>] Ciudad Aumentada. Placita<br \/>\n[<span style=\"font-size: 18px; line-height: 30px !important; vertical-align: middle !important;\">6<\/span>] Instalaci\u00f3n Performance. Plaza Matadero<br \/>\n[<span style=\"font-size: 18px; line-height: 30px !important; vertical-align: middle !important;\">7<\/span>] Instalaci\u00f3n Interactiva. MAD, Nave 16<\/p>\n<\/div><\/section><\/div><\/div><!--close column table wrapper. Autoclose: 1 -->\n<style type=\"text\/css\" data-created_by=\"avia_inline_auto\" id=\"style-css-av-av_hr-3a876428eececa9d35452247ddb053af\">\n#top .hr.hr-invisible.av-av_hr-3a876428eececa9d35452247ddb053af{\nheight:50px;\n}\n<\/style>\n<div  class='hr av-av_hr-3a876428eececa9d35452247ddb053af hr-invisible  avia-builder-el-13  el_before_av_heading  avia-builder-el-first '><span class='hr-inner '><span class=\"hr-inner-style\"><\/span><\/span><\/div>\n\n","protected":false},"excerpt":{"rendered":"","protected":false},"author":1,"featured_media":0,"parent":0,"menu_order":0,"comment_status":"closed","ping_status":"closed","template":"","meta":{"footnotes":""},"class_list":["post-272","page","type-page","status-publish","hentry"],"yoast_head":"<!-- This site is optimized with the Yoast SEO plugin v20.7 - https:\/\/yoast.com\/wordpress\/plugins\/seo\/ -->\n<title>C\u00f3mo llegar - L.E.V. Matadero 2023 - L.E.V. Festival 2023<\/title>\n<meta name=\"robots\" content=\"index, follow, max-snippet:-1, max-image-preview:large, max-video-preview:-1\" \/>\n<link rel=\"canonical\" href=\"https:\/\/levfestival.com\/23-matadero\/como-llegar\/\" \/>\n<meta property=\"og:locale\" content=\"es_ES\" \/>\n<meta property=\"og:type\" content=\"article\" \/>\n<meta property=\"og:title\" content=\"C\u00f3mo llegar - L.E.V. Matadero 2023 - L.E.V. Festival 2023\" \/>\n<meta property=\"og:url\" content=\"https:\/\/levfestival.com\/23-matadero\/como-llegar\/\" \/>\n<meta property=\"og:site_name\" content=\"L.E.V. Matadero 2023 - L.E.V. Festival 2023\" \/>\n<meta property=\"article:modified_time\" content=\"2024-02-02T14:48:32+00:00\" \/>\n<meta name=\"twitter:card\" content=\"summary_large_image\" \/>\n<meta name=\"twitter:label1\" content=\"Tiempo de lectura\" \/>\n\t<meta name=\"twitter:data1\" content=\"6 minutos\" \/>\n<script type=\"application\/ld+json\" class=\"yoast-schema-graph\">{\"@context\":\"https:\/\/schema.org\",\"@graph\":[{\"@type\":\"WebPage\",\"@id\":\"https:\/\/levfestival.com\/23-matadero\/como-llegar\/\",\"url\":\"https:\/\/levfestival.com\/23-matadero\/como-llegar\/\",\"name\":\"C\u00f3mo llegar - L.E.V. Matadero 2023 - L.E.V. Festival 2023\",\"isPartOf\":{\"@id\":\"https:\/\/levfestival.com\/23-matadero\/#website\"},\"datePublished\":\"2023-07-25T11:28:31+00:00\",\"dateModified\":\"2024-02-02T14:48:32+00:00\",\"breadcrumb\":{\"@id\":\"https:\/\/levfestival.com\/23-matadero\/como-llegar\/#breadcrumb\"},\"inLanguage\":\"es\",\"potentialAction\":[{\"@type\":\"ReadAction\",\"target\":[\"https:\/\/levfestival.com\/23-matadero\/como-llegar\/\"]}]},{\"@type\":\"BreadcrumbList\",\"@id\":\"https:\/\/levfestival.com\/23-matadero\/como-llegar\/#breadcrumb\",\"itemListElement\":[{\"@type\":\"ListItem\",\"position\":1,\"name\":\"Portada\",\"item\":\"https:\/\/levfestival.com\/23-matadero\/home\/\"},{\"@type\":\"ListItem\",\"position\":2,\"name\":\"C\u00f3mo llegar\"}]},{\"@type\":\"WebSite\",\"@id\":\"https:\/\/levfestival.com\/23-matadero\/#website\",\"url\":\"https:\/\/levfestival.com\/23-matadero\/\",\"name\":\"L.E.V. Matadero 2023 - L.E.V. Festival 2023\",\"description\":\"\",\"potentialAction\":[{\"@type\":\"SearchAction\",\"target\":{\"@type\":\"EntryPoint\",\"urlTemplate\":\"https:\/\/levfestival.com\/23-matadero\/?s={search_term_string}\"},\"query-input\":\"required name=search_term_string\"}],\"inLanguage\":\"es\"}]}<\/script>\n<!-- \/ Yoast SEO plugin. -->","yoast_head_json":{"title":"C\u00f3mo llegar - L.E.V. Matadero 2023 - L.E.V. Festival 2023","robots":{"index":"index","follow":"follow","max-snippet":"max-snippet:-1","max-image-preview":"max-image-preview:large","max-video-preview":"max-video-preview:-1"},"canonical":"https:\/\/levfestival.com\/23-matadero\/como-llegar\/","og_locale":"es_ES","og_type":"article","og_title":"C\u00f3mo llegar - L.E.V. Matadero 2023 - L.E.V. Festival 2023","og_url":"https:\/\/levfestival.com\/23-matadero\/como-llegar\/","og_site_name":"L.E.V. Matadero 2023 - L.E.V. Festival 2023","article_modified_time":"2024-02-02T14:48:32+00:00","twitter_card":"summary_large_image","twitter_misc":{"Tiempo de lectura":"6 minutos"},"schema":{"@context":"https:\/\/schema.org","@graph":[{"@type":"WebPage","@id":"https:\/\/levfestival.com\/23-matadero\/como-llegar\/","url":"https:\/\/levfestival.com\/23-matadero\/como-llegar\/","name":"C\u00f3mo llegar - L.E.V. Matadero 2023 - L.E.V. Festival 2023","isPartOf":{"@id":"https:\/\/levfestival.com\/23-matadero\/#website"},"datePublished":"2023-07-25T11:28:31+00:00","dateModified":"2024-02-02T14:48:32+00:00","breadcrumb":{"@id":"https:\/\/levfestival.com\/23-matadero\/como-llegar\/#breadcrumb"},"inLanguage":"es","potentialAction":[{"@type":"ReadAction","target":["https:\/\/levfestival.com\/23-matadero\/como-llegar\/"]}]},{"@type":"BreadcrumbList","@id":"https:\/\/levfestival.com\/23-matadero\/como-llegar\/#breadcrumb","itemListElement":[{"@type":"ListItem","position":1,"name":"Portada","item":"https:\/\/levfestival.com\/23-matadero\/home\/"},{"@type":"ListItem","position":2,"name":"C\u00f3mo llegar"}]},{"@type":"WebSite","@id":"https:\/\/levfestival.com\/23-matadero\/#website","url":"https:\/\/levfestival.com\/23-matadero\/","name":"L.E.V. Matadero 2023 - L.E.V. Festival 2023","description":"","potentialAction":[{"@type":"SearchAction","target":{"@type":"EntryPoint","urlTemplate":"https:\/\/levfestival.com\/23-matadero\/?s={search_term_string}"},"query-input":"required name=search_term_string"}],"inLanguage":"es"}]}},"_links":{"self":[{"href":"https:\/\/levfestival.com\/23-matadero\/wp-json\/wp\/v2\/pages\/272","targetHints":{"allow":["GET"]}}],"collection":[{"href":"https:\/\/levfestival.com\/23-matadero\/wp-json\/wp\/v2\/pages"}],"about":[{"href":"https:\/\/levfestival.com\/23-matadero\/wp-json\/wp\/v2\/types\/page"}],"author":[{"embeddable":true,"href":"https:\/\/levfestival.com\/23-matadero\/wp-json\/wp\/v2\/users\/1"}],"replies":[{"embeddable":true,"href":"https:\/\/levfestival.com\/23-matadero\/wp-json\/wp\/v2\/comments?post=272"}],"version-history":[{"count":16,"href":"https:\/\/levfestival.com\/23-matadero\/wp-json\/wp\/v2\/pages\/272\/revisions"}],"predecessor-version":[{"id":1254,"href":"https:\/\/levfestival.com\/23-matadero\/wp-json\/wp\/v2\/pages\/272\/revisions\/1254"}],"wp:attachment":[{"href":"https:\/\/levfestival.com\/23-matadero\/wp-json\/wp\/v2\/media?parent=272"}],"curies":[{"name":"wp","href":"https:\/\/api.w.org\/{rel}","templated":true}]}}