{"id":1390,"date":"2024-04-15T21:48:58","date_gmt":"2024-04-15T19:48:58","guid":{"rendered":"https:\/\/levfestival.com\/24-gijon\/?page_id=1390"},"modified":"2024-05-06T12:04:03","modified_gmt":"2024-05-06T10:04:03","slug":"horarios","status":"publish","type":"page","link":"https:\/\/levfestival.com\/24-gijon\/horarios\/","title":{"rendered":"Horarios"},"content":{"rendered":"\n<style type=\"text\/css\" data-created_by=\"avia_inline_auto\" id=\"style-css-av-lg2b5xky-473aefb6c371dec46c7c8c8571939226\">\n.avia-section.av-lg2b5xky-473aefb6c371dec46c7c8c8571939226{\nbackground-color:#000000;\nbackground-image:unset;\n}\n<\/style>\n<div id='av_section_1'  class='avia-section av-lg2b5xky-473aefb6c371dec46c7c8c8571939226 header_color avia-section-default avia-no-border-styling  avia-builder-el-0  avia-builder-el-no-sibling  avia-bg-style-scroll container_wrap fullsize'  ><div class='container av-section-cont-open' ><main  role=\"main\" itemprop=\"mainContentOfPage\"  class='template-page content  av-content-full alpha units'><div class='post-entry post-entry-type-page post-entry-1390'><div class='entry-content-wrapper clearfix'>\n\n<style type=\"text\/css\" data-created_by=\"avia_inline_auto\" id=\"style-css-av-lg2aax7z-45a660070f65b4e508a580777e0a83ab\">\n#top .av-special-heading.av-lg2aax7z-45a660070f65b4e508a580777e0a83ab{\npadding-bottom:10px;\ncolor:#ffffff;\n}\nbody .av-special-heading.av-lg2aax7z-45a660070f65b4e508a580777e0a83ab .av-special-heading-tag .heading-char{\nfont-size:25px;\n}\n.av-special-heading.av-lg2aax7z-45a660070f65b4e508a580777e0a83ab .special-heading-inner-border{\nborder-color:#ffffff;\n}\n.av-special-heading.av-lg2aax7z-45a660070f65b4e508a580777e0a83ab .av-subheading{\nfont-size:15px;\n}\n<\/style>\n<div  class='av-special-heading av-lg2aax7z-45a660070f65b4e508a580777e0a83ab av-special-heading-h1 custom-color-heading blockquote modern-quote  avia-builder-el-1  el_before_av_tab_container  avia-builder-el-first '><h1 class='av-special-heading-tag'  itemprop=\"headline\"  >HORARIOS<\/h1><div class=\"special-heading-border\"><div class=\"special-heading-inner-border\"><\/div><\/div><\/div>\n<div  id=\"horarios-gijon23\"  class='tabcontainer av-lg2afsrs-b9c5fbca01741851c9a4e6362ced97ce top_tab  avia-builder-el-2  el_after_av_heading  avia-builder-el-last ' role='tablist'>\n<section class='av_tab_section av_tab_section av-lg2aej8d-1-1-1-14441dbb861eafbb2c80ce784a1e2624'  itemscope=\"itemscope\" itemtype=\"https:\/\/schema.org\/CreativeWork\" ><div class='tab active_tab' role='tab' tabindex='0' data-fake-id='#otras-fechas' aria-controls='otras-fechas-content'  itemprop=\"headline\" >OTRAS FECHAS<\/div><div id='otras-fechas-content' class='tab_content active_tab_content' aria-hidden=\"false\"><div class='tab_inner_content invers-color'  itemprop=\"text\" ><p class=\"titulo-horarios\">CENTRO DE CULTURA ANTIGUO INSTITUTO<\/p>\n<p class=\"subtitulo-horarios\">INSTALACI\u00d3N AV<\/p>\n<p>DEL 6 AL 12 DE MAYO<br \/>\nLunes a viernes: 17.30 &#8211; 20.30 h. S\u00e1bados: 12:00 &#8211; 14:00 \/ 17.30 &#8211; 20.30 h. Domingos: 12:00-14:00 h.<\/p>\n<h2><a href=\"https:\/\/levfestival.com\/24-gijon\/lev-gijon\/guillaume-marmin-oh-lord\/\">GUILLAUME MARMIN. OH LORD<\/a><\/h2>\n<p>Entrada libre<\/p>\n<p class=\"titulo-horarios\">ESCUELA DE COMERCIO &#8211; PLAZA DEL PARCH\u00cdS<\/p>\n<p class=\"subtitulo-horarios\">EXPERIENCIA AR<\/p>\n<p>HASTA EL 19 DE MAYO<br \/>\nHorario continuo<\/p>\n<h2><a href=\"https:\/\/levfestival.com\/24-gijon\/lev-gijon\/slow-walker-peder-bjurman\/\">PEDER BJURMAN. SLOW WALKER<\/a><\/h2>\n<p>Actividad gratuita<\/p>\n<\/div><\/div><\/section>\n<section class='av_tab_section av_tab_section av-lg2ae3u7-20dbcf126b5a11a90968c855390ad358'  itemscope=\"itemscope\" itemtype=\"https:\/\/schema.org\/CreativeWork\" ><div class='tab' role='tab' tabindex='0' data-fake-id='#miercoles-1' aria-controls='miercoles-1-content'  itemprop=\"headline\" >MI\u00c9RCOLES 1_MAYO<\/div><div id='miercoles-1-content' class='tab_content' aria-hidden=\"true\"><div class='tab_inner_content invers-color'  itemprop=\"text\" ><p class=\"titulo-horarios\">CAJA ESC\u00c9NICA. TEATRO JOVELLANOS<\/p>\n<p class=\"subtitulo-horarios\">INSTALACI\u00d3N AV<\/p>\n<p>Pases por grupos cada 45 minutos<br \/>\n11:00 \/ 11:45 \/ 12:30 \/ 13:15 \/14:00 \/\u00a0 \u00a0 \u00a016:00 \/ 16:45 \/ 17:30 \/ 18:15 \/ 19:00 \/ 19:45 \/ 20:30 \/ 21:15 \/ 22:00<\/p>\n<h2 style=\"margin-top: 25px;\"><a href=\"https:\/\/levfestival.com\/24-gijon\/lev-gijon\/lorem-distrust-everything\/\">LOREM. DISTRUST EVERYTHING<\/a><\/h2>\n<p>Entrada libre<\/p>\n<p class=\"titulo-horarios\">CAJA ESC\u00c9NICA. TEATRO DE LA LABORAL<\/p>\n<p class=\"subtitulo-horarios\">INSTALACI\u00d3N AV PERFORMATIVA<\/p>\n<p>Dos pases: 18:00 \/ 20:00<\/p>\n<h2><a href=\"https:\/\/levfestival.com\/24-gijon\/lev-gijon\/romeo-castellucci-scott-gibbons-the-third-reich\/\">ROMEO CASTELLUCCI &#038; SCOTT GIBBONS. THE THIRD REICH<\/a><\/h2>\n<\/div><\/div><\/section>\n<section class='av_tab_section av_tab_section av-lg2aej8d-517afc7d55de891b2a1012c5f5b20f29'  itemscope=\"itemscope\" itemtype=\"https:\/\/schema.org\/CreativeWork\" ><div class='tab' role='tab' tabindex='0' data-fake-id='#jueves-2' aria-controls='jueves-2-content'  itemprop=\"headline\" >JUEVES 2_MAYO<\/div><div id='jueves-2-content' class='tab_content' aria-hidden=\"true\"><div class='tab_inner_content invers-color'  itemprop=\"text\" ><p class=\"titulo-horarios\">ESCUELA DE COMERCIO<\/p>\n<p class=\"subtitulo-horarios\">EXPERIENCIAS VR<\/p>\n<p>11:00-14:00 \/ 16:00-21:00 h.<\/p>\n<h2><a href=\"https:\/\/levfestival.com\/24-gijon\/lev-gijon\/red-tail-fish-wang\/\">FISH WANG. RED TAIL<\/a><\/h2>\n<h2><a href=\"https:\/\/levfestival.com\/24-gijon\/lev-gijon\/uncanny-alley-rick-treweek\/\">RICK TREWEEK. UNCANNY ALLEY<\/a><\/h2>\n<p>Entrada libre<\/p>\n<p class=\"titulo-horarios\">ESCUELA DE COMERCIO &#8211; PLAZA DEL PARCH\u00cdS<\/p>\n<p class=\"subtitulo-horarios\">EXPERIENCIA AR<\/p>\n<p>Horario continuo<\/p>\n<h2><a href=\"https:\/\/levfestival.com\/24-gijon\/lev-gijon\/slow-walker-peder-bjurman\/\">PEDER BJURMAN. SLOW WALKER<\/a><\/h2>\n<p>Actividad gratuita<\/p>\n<p class=\"titulo-horarios\">CAJA ESC\u00c9NICA. TEATRO JOVELLANOS<\/p>\n<p class=\"subtitulo-horarios\">INSTALACI\u00d3N AV<\/p>\n<p>Pases por grupos cada 45 minutos<br \/>\n11:30 \/ 12:15 \/ 13:00 \/ 13:45 \/\u00a0 \u00a0 \u00a016:00 \/ 16:45 \/ 17:30 \/ 18:15 \/ 19:00 \/ 19:45 \/ 20:30 \/ 21:15 \/ 22:00<\/p>\n<h2 style=\"margin-top: 25px;\"><a href=\"https:\/\/levfestival.com\/24-gijon\/lev-gijon\/lorem-distrust-everything\/\">LOREM. DISTRUST EVERYTHING<\/a><\/h2>\n<p>Entrada libre<\/p>\n<p class=\"titulo-horarios\">CENTRO DE CULTURA ANTIGUO INSTITUTO<\/p>\n<p class=\"subtitulo-horarios\">INSTALACI\u00d3N AV<\/p>\n<p>16:00 \u2013 20:30 h.<\/p>\n<h2><a href=\"https:\/\/levfestival.com\/24-gijon\/lev-gijon\/guillaume-marmin-oh-lord\/\">GUILLAUME MARMIN. OH LORD<\/a><\/h2>\n<p>Entrada libre<\/p>\n<p class=\"titulo-horarios\">CAJA ESC\u00c9NICA. TEATRO DE LA LABORAL<\/p>\n<p class=\"subtitulo-horarios\">INSTALACI\u00d3N AV PERFORMATIVA<\/p>\n<p>Tres pases: 18:00 \/ 20:00 \/ 21:30 h.<\/p>\n<h2><a href=\"https:\/\/levfestival.com\/24-gijon\/lev-gijon\/romeo-castellucci-scott-gibbons-the-third-reich\/\">ROMEO CASTELLUCCI &#038; SCOTT GIBBONS. THE THIRD REICH<\/a><\/h2>\n<\/div><\/div><\/section>\n<section class='av_tab_section av_tab_section av-lg2aej8d-1-13d989b3e1a7c6decf05924698b7e019'  itemscope=\"itemscope\" itemtype=\"https:\/\/schema.org\/CreativeWork\" ><div class='tab' role='tab' tabindex='0' data-fake-id='#viernes-3' aria-controls='viernes-3-content'  itemprop=\"headline\" >VIERNES 3_MAYO<\/div><div id='viernes-3-content' class='tab_content' aria-hidden=\"true\"><div class='tab_inner_content invers-color'  itemprop=\"text\" ><p class=\"titulo-horarios\">ESCUELA DE COMERCIO<\/p>\n<p class=\"subtitulo-horarios\">EXPERIENCIAS VR<\/p>\n<p>11:00 &#8211; 14:00 \/ 16:00 &#8211; 21:00 h.<\/p>\n<h2><a href=\"https:\/\/levfestival.com\/24-gijon\/lev-gijon\/red-tail-fish-wang\/\">FISH WANG. RED TAIL<\/a><\/h2>\n<h2><a href=\"https:\/\/levfestival.com\/24-gijon\/lev-gijon\/uncanny-alley-rick-treweek\/\">RICK TREWEEK. UNCANNY ALLEY<\/a><\/h2>\n<p>Entrada libre<\/p>\n<p class=\"titulo-horarios\">ESCUELA DE COMERCIO &#8211; PLAZA DEL PARCH\u00cdS<\/p>\n<p class=\"subtitulo-horarios\">EXPERIENCIA AR<\/p>\n<p>Horario continuo<\/p>\n<h2><a href=\"https:\/\/levfestival.com\/24-gijon\/lev-gijon\/slow-walker-peder-bjurman\/\">PEDER BJURMAN. SLOW WALKER<\/a><\/h2>\n<p>Actividad gratuita<\/p>\n<p class=\"titulo-horarios\">CAJA ESC\u00c9NICA. TEATRO JOVELLANOS<\/p>\n<p class=\"subtitulo-horarios\">INSTALACI\u00d3N AV<\/p>\n<p>Pases por grupos cada 45 minutos<br \/>\n11:30 \/ 12:15 \/ 13:00 \/ 13:45 \/\u00a0 \u00a0 \u00a016:00 \/ 16:45 \/ 17:30 \/ 18:15 \/ 19:00 \/ 19:45 \/ 20:30 \/ 21:15 \/ 22:00<\/p>\n<h2 style=\"margin-top: 25px;\"><a href=\"https:\/\/levfestival.com\/24-gijon\/lev-gijon\/lorem-distrust-everything\/\">LOREM. DISTRUST EVERYTHING<\/a><\/h2>\n<p>Entrada libre<\/p>\n<p class=\"titulo-horarios\">CENTRO DE CULTURA ANTIGUO INSTITUTO<\/p>\n<p class=\"subtitulo-horarios\">INSTALACI\u00d3N AV<\/p>\n<p>16:00 \u2013 20:30 h.<\/p>\n<h2><a href=\"https:\/\/levfestival.com\/24-gijon\/lev-gijon\/guillaume-marmin-oh-lord\/\">GUILLAUME MARMIN. OH LORD<\/a><\/h2>\n<p>Entrada libre<\/p>\n<p class=\"titulo-horarios\">TEATRO DE LA LABORAL<\/p>\n<p class=\"subtitulo-horarios\">CONCIERTOS Y PERFORMANCES AV<\/p>\n<p>19:00 h.<\/p>\n<p style=\"color: #fff;\">Apertura de barras en patios interiores del Teatro<\/p>\n<p>20:30<\/p>\n<p style=\"color: #fff;\">Acceso a patio de butacas<\/p>\n<p>21:00 h.<\/p>\n<h2><a href=\"https:\/\/levfestival.com\/24-gijon\/lev-gijon\/bromo-crispr-the-pattern-of-life\/\">BROMO. CRISPR THE PATTERN OF LIFE<\/a><\/h2>\n<p>22:20 h.<\/p>\n<h2><a href=\"https:\/\/levfestival.com\/24-gijon\/lev-gijon\/martin-messier-1-drop-1000-years\/\">MARTIN MESSIER. 1 DROP 1000 YEARS<\/a><\/h2>\n<p>23:30 h.<\/p>\n<h2><a href=\"https:\/\/levfestival.com\/24-gijon\/lev-gijon\/riccardo-giovinetto-f-e-m-i-n-a\/\">RICCARDO GIOVINETTO. F E M I N A<\/a><\/h2>\n<p>00:50 h.<\/p>\n<h2><a href=\"https:\/\/levfestival.com\/24-gijon\/lev-gijon\/aisha-devi\/\">A\u00cfSHA DEVI<\/a><\/h2>\n<p>2:50 h.<\/p>\n<p style=\"color: #fff;\">Servicio especial de autob\u00fas<\/p>\n<\/div><\/div><\/section>\n<section class='av_tab_section av_tab_section av-lg2aej8d-2-69f2e98630068cc7a282f7b8f75950df'  itemscope=\"itemscope\" itemtype=\"https:\/\/schema.org\/CreativeWork\" ><div class='tab' role='tab' tabindex='0' data-fake-id='#sabado-4' aria-controls='sabado-4-content'  itemprop=\"headline\" >S\u00c1BADO 4_MAYO<\/div><div id='sabado-4-content' class='tab_content' aria-hidden=\"true\"><div class='tab_inner_content invers-color'  itemprop=\"text\" ><p class=\"titulo-horarios\">ESCUELA DE COMERCIO<\/p>\n<p class=\"subtitulo-horarios\">EXPERIENCIAS VR<\/p>\n<p>11:00 &#8211; 14:00 \/ 16:00 &#8211; 21:00 h.<\/p>\n<h2><a href=\"https:\/\/levfestival.com\/24-gijon\/lev-gijon\/red-tail-fish-wang\/\">FISH WANG. RED TAIL<\/a><\/h2>\n<h2><a href=\"https:\/\/levfestival.com\/24-gijon\/lev-gijon\/uncanny-alley-rick-treweek\/\">RICK TREWEEK. UNCANNY ALLEY<\/a><\/h2>\n<p>Entrada libre<\/p>\n<p class=\"titulo-horarios\">ESCUELA DE COMERCIO &#8211; PLAZA DEL PARCH\u00cdS<\/p>\n<p class=\"subtitulo-horarios\">EXPERIENCIA AR<\/p>\n<p>Horario continuo<\/p>\n<h2><a href=\"https:\/\/levfestival.com\/24-gijon\/lev-gijon\/slow-walker-peder-bjurman\/\">PEDER BJURMAN. SLOW WALKER<\/a><\/h2>\n<p>Actividad gratuita<\/p>\n<p class=\"titulo-horarios\">CENTRO DE CULTURA ANTIGUO INSTITUTO<\/p>\n<p class=\"subtitulo-horarios\">INSTALACI\u00d3N AV<\/p>\n<p>12:00 \u2013 14:00 \/ 16:00 \u2013 20:30 h.<\/p>\n<h2><a href=\"https:\/\/levfestival.com\/24-gijon\/lev-gijon\/guillaume-marmin-oh-lord\/\">GUILLAUME MARMIN. OH LORD<\/a><\/h2>\n<p>Entrada libre<\/p>\n<p class=\"titulo-horarios\">MUS\u00c9U DEL PUEBLU D\u2019ASTURIES<\/p>\n<p class=\"subtitulo-horarios\">CONCIERTOS<\/p>\n<p>12:30 h.<\/p>\n<p style=\"color: #fff;\">Apertura de puertas<\/p>\n<p>13:00 h.<\/p>\n<h2><a href=\"https:\/\/levfestival.com\/24-gijon\/lev-gijon\/kessellkerqus\/\">KESSELL &#038; KERQUS<\/a><\/h2>\n<p>13:55 h.<\/p>\n<h2><a href=\"https:\/\/levfestival.com\/24-gijon\/lev-gijon\/cachito-turulo\/\">CACHITO TURULO<\/a><\/h2>\n<p>14:55 h.<\/p>\n<h2><a href=\"https:\/\/levfestival.com\/24-gijon\/lev-gijon\/rrucculla-sound-sketches\/\">RRUCCULLA. SOUND SKETCHES<\/a><\/h2>\n<p>16:00 h.<\/p>\n<h2><a href=\"https:\/\/levfestival.com\/24-gijon\/lev-gijon\/dengue-dengue-dengue\/\">DENGUE DENGUE DENGUE<\/a><\/h2>\n<p>17:30 h.<\/p>\n<p style=\"color: #fff;\">Cierre<\/p>\n<p class=\"titulo-horarios\">TEATRO DE LA LABORAL<\/p>\n<p class=\"subtitulo-horarios\">CONCIERTOS Y PERFORMANCES AV<\/p>\n<p>18:00 h.<\/p>\n<p style=\"color: #fff;\">Apertura de barras en patios interiores del Teatro<\/p>\n<p>19:30 h.<\/p>\n<p style=\"color: #fff;\">Acceso a patio de butacas<\/p>\n<p>20:00 h.<\/p>\n<h2><a href=\"https:\/\/levfestival.com\/24-gijon\/lev-gijon\/noemi-buchi-does-it-still-matter\/\">NO\u00c9MI B\u00dcCHI. DOES IT STILL MATTER<\/a><\/h2>\n<p>21:30 h.<\/p>\n<h2><a href=\"https:\/\/levfestival.com\/24-gijon\/lev-gijon\/myriam-bleau-nien-tzu-weng-second-self\/\">MYRIAM BLEAU &#038; NIEN TZU WENG. SECOND SELF<\/a><\/h2>\n<p>22:20 h.<\/p>\n<h2><a href=\"https:\/\/levfestival.com\/24-gijon\/lev-gijon\/synspecies-asbu\/\">SYNSPECIES. ASBU<\/a><\/h2>\n<p class=\"titulo-horarios\">NAVE. LABORAL CENTRO DE ARTE<\/p>\n<p class=\"subtitulo-horarios\">CONCIERTOS Y PERFORMANCES AV<\/p>\n<p>23:00 h.<\/p>\n<p style=\"color: #fff;\">Apertura de puertas<\/p>\n<p>00:00 h.<\/p>\n<h2><a href=\"https:\/\/levfestival.com\/24-gijon\/lev-gijon\/puce-mary\/\">PUCE MARY<\/a><\/h2>\n<p>01:00 h.<\/p>\n<h2><a href=\"https:\/\/levfestival.com\/24-gijon\/lev-gijon\/sin-maldita-lei-aelcrush-av\/\">SIN MALDITA &#038; LEI. AELCRUSH AV<\/a><\/h2>\n<p>01:55 h.<\/p>\n<h2><a href=\"https:\/\/levfestival.com\/24-gijon\/lev-gijon\/jacques-videochose\/\">JACQUES. VIDEOCHOSE<\/a><\/h2>\n<p>03:20 h.<\/p>\n<h2><a href=\"https:\/\/levfestival.com\/24-gijon\/lev-gijon\/evian-christ-revanchist-live\/\">EVIAN CHRIST. REVANCHIST LIVE<\/a><\/h2>\n<p>04:35 h.<\/p>\n<h2><a href=\"https:\/\/levfestival.com\/24-gijon\/lev-gijon\/lcy-live-av\/\">LCY<\/a><\/h2>\n<p>5:45 h.<\/p>\n<p style=\"color: #fff;\">Servicio especial de autob\u00fas<\/p>\n<\/div><\/div><\/section>\n<section class='av_tab_section av_tab_section av-lg2aej8d-1-1-c8420ae7775ac9e5d6d49b996e15a0d6'  itemscope=\"itemscope\" itemtype=\"https:\/\/schema.org\/CreativeWork\" ><div class='tab' role='tab' tabindex='0' data-fake-id='#domingo-5' aria-controls='domingo-5-content'  itemprop=\"headline\" >DOMINGO 5_MAYO<\/div><div id='domingo-5-content' class='tab_content' aria-hidden=\"true\"><div class='tab_inner_content invers-color'  itemprop=\"text\" ><p class=\"titulo-horarios\">ESCUELA DE COMERCIO<\/p>\n<p class=\"subtitulo-horarios\">EXPERIENCIAS VR<\/p>\n<p>11:00-14:00 h.<\/p>\n<h2><a href=\"https:\/\/levfestival.com\/24-gijon\/lev-gijon\/red-tail-fish-wang\/\">FISH WANG. RED TAIL<\/a><\/h2>\n<h2><a href=\"https:\/\/levfestival.com\/24-gijon\/lev-gijon\/uncanny-alley-rick-treweek\/\">RICK TREWEEK. UNCANNY ALLEY<\/a><\/h2>\n<p>Entrada libre<\/p>\n<p class=\"titulo-horarios\">ESCUELA DE COMERCIO &#8211; PLAZA DEL PARCH\u00cdS<\/p>\n<p class=\"subtitulo-horarios\">EXPERIENCIA AR<\/p>\n<p>Horario continuo<\/p>\n<h2><a href=\"https:\/\/levfestival.com\/24-gijon\/lev-gijon\/slow-walker-peder-bjurman\/\">PEDER BJURMAN. SLOW WALKER<\/a><\/h2>\n<p>Actividad gratuita<\/p>\n<p class=\"titulo-horarios\">CENTRO DE CULTURA ANTIGUO INSTITUTO<\/p>\n<p class=\"subtitulo-horarios\">INSTALACI\u00d3N AV<\/p>\n<p>12:00 \u2013 14:00 \/ 16:00 \u2013 20:30 h.<\/p>\n<h2><a href=\"https:\/\/levfestival.com\/24-gijon\/lev-gijon\/guillaume-marmin-oh-lord\/\">GUILLAUME MARMIN. OH LORD<\/a><\/h2>\n<p>Entrada libre<\/p>\n<p class=\"titulo-horarios\">JARD\u00cdN BOT\u00c1NICO ATL\u00c1NTICO<\/p>\n<p class=\"subtitulo-horarios\">SILENT SOUND SESSIONS<\/p>\n<p>13:00 h.<\/p>\n<p style=\"color: #fff;\">Apertura de puertas<\/p>\n<p>14:00 h.<\/p>\n<h2><a href=\"https:\/\/levfestival.com\/24-gijon\/lev-gijon\/sophia-loizou-vesta\/\">SOPHIA LOIZOU. VESTA<\/a><\/h2>\n<p>15:00 h.<\/p>\n<h2><a href=\"https:\/\/levfestival.com\/24-gijon\/lev-gijon\/scanner-how-to-make-art-from-life-with-the-help-of-a-few-ghosts\/\">SCANNER. HOW TO MAKE ART FROM LIFE (WITH THE HELP OF A FEW GHOSTS)<\/a><\/h2>\n<\/div><\/div><\/section>\n<\/div>\n\n","protected":false},"excerpt":{"rendered":"","protected":false},"author":1,"featured_media":0,"parent":0,"menu_order":0,"comment_status":"closed","ping_status":"closed","template":"","meta":{"footnotes":""},"class_list":["post-1390","page","type-page","status-publish","hentry"],"yoast_head":"<!-- This site is optimized with the Yoast SEO plugin v20.7 - https:\/\/yoast.com\/wordpress\/plugins\/seo\/ -->\n<title>Horarios - L.E.V. Festival 2024<\/title>\n<meta name=\"robots\" content=\"index, follow, max-snippet:-1, max-image-preview:large, max-video-preview:-1\" \/>\n<link rel=\"canonical\" href=\"https:\/\/levfestival.com\/24-gijon\/horarios\/\" \/>\n<meta property=\"og:locale\" content=\"es_ES\" \/>\n<meta property=\"og:type\" content=\"article\" \/>\n<meta property=\"og:title\" content=\"Horarios - L.E.V. Festival 2024\" \/>\n<meta property=\"og:url\" content=\"https:\/\/levfestival.com\/24-gijon\/horarios\/\" \/>\n<meta property=\"og:site_name\" content=\"L.E.V. Festival 2024\" \/>\n<meta property=\"article:modified_time\" content=\"2024-05-06T10:04:03+00:00\" \/>\n<meta name=\"twitter:card\" content=\"summary_large_image\" \/>\n<meta name=\"twitter:label1\" content=\"Tiempo de lectura\" \/>\n\t<meta name=\"twitter:data1\" content=\"4 minutos\" \/>\n<script type=\"application\/ld+json\" class=\"yoast-schema-graph\">{\"@context\":\"https:\/\/schema.org\",\"@graph\":[{\"@type\":\"WebPage\",\"@id\":\"https:\/\/levfestival.com\/24-gijon\/horarios\/\",\"url\":\"https:\/\/levfestival.com\/24-gijon\/horarios\/\",\"name\":\"Horarios - L.E.V. Festival 2024\",\"isPartOf\":{\"@id\":\"https:\/\/levfestival.com\/24-gijon\/#website\"},\"datePublished\":\"2024-04-15T19:48:58+00:00\",\"dateModified\":\"2024-05-06T10:04:03+00:00\",\"breadcrumb\":{\"@id\":\"https:\/\/levfestival.com\/24-gijon\/horarios\/#breadcrumb\"},\"inLanguage\":\"es\",\"potentialAction\":[{\"@type\":\"ReadAction\",\"target\":[\"https:\/\/levfestival.com\/24-gijon\/horarios\/\"]}]},{\"@type\":\"BreadcrumbList\",\"@id\":\"https:\/\/levfestival.com\/24-gijon\/horarios\/#breadcrumb\",\"itemListElement\":[{\"@type\":\"ListItem\",\"position\":1,\"name\":\"Portada\",\"item\":\"https:\/\/levfestival.com\/24-gijon\/home\/\"},{\"@type\":\"ListItem\",\"position\":2,\"name\":\"Horarios\"}]},{\"@type\":\"WebSite\",\"@id\":\"https:\/\/levfestival.com\/24-gijon\/#website\",\"url\":\"https:\/\/levfestival.com\/24-gijon\/\",\"name\":\"L.E.V. Festival 2024\",\"description\":\"\",\"potentialAction\":[{\"@type\":\"SearchAction\",\"target\":{\"@type\":\"EntryPoint\",\"urlTemplate\":\"https:\/\/levfestival.com\/24-gijon\/?s={search_term_string}\"},\"query-input\":\"required name=search_term_string\"}],\"inLanguage\":\"es\"}]}<\/script>\n<!-- \/ Yoast SEO plugin. -->","yoast_head_json":{"title":"Horarios - L.E.V. Festival 2024","robots":{"index":"index","follow":"follow","max-snippet":"max-snippet:-1","max-image-preview":"max-image-preview:large","max-video-preview":"max-video-preview:-1"},"canonical":"https:\/\/levfestival.com\/24-gijon\/horarios\/","og_locale":"es_ES","og_type":"article","og_title":"Horarios - L.E.V. Festival 2024","og_url":"https:\/\/levfestival.com\/24-gijon\/horarios\/","og_site_name":"L.E.V. Festival 2024","article_modified_time":"2024-05-06T10:04:03+00:00","twitter_card":"summary_large_image","twitter_misc":{"Tiempo de lectura":"4 minutos"},"schema":{"@context":"https:\/\/schema.org","@graph":[{"@type":"WebPage","@id":"https:\/\/levfestival.com\/24-gijon\/horarios\/","url":"https:\/\/levfestival.com\/24-gijon\/horarios\/","name":"Horarios - L.E.V. Festival 2024","isPartOf":{"@id":"https:\/\/levfestival.com\/24-gijon\/#website"},"datePublished":"2024-04-15T19:48:58+00:00","dateModified":"2024-05-06T10:04:03+00:00","breadcrumb":{"@id":"https:\/\/levfestival.com\/24-gijon\/horarios\/#breadcrumb"},"inLanguage":"es","potentialAction":[{"@type":"ReadAction","target":["https:\/\/levfestival.com\/24-gijon\/horarios\/"]}]},{"@type":"BreadcrumbList","@id":"https:\/\/levfestival.com\/24-gijon\/horarios\/#breadcrumb","itemListElement":[{"@type":"ListItem","position":1,"name":"Portada","item":"https:\/\/levfestival.com\/24-gijon\/home\/"},{"@type":"ListItem","position":2,"name":"Horarios"}]},{"@type":"WebSite","@id":"https:\/\/levfestival.com\/24-gijon\/#website","url":"https:\/\/levfestival.com\/24-gijon\/","name":"L.E.V. Festival 2024","description":"","potentialAction":[{"@type":"SearchAction","target":{"@type":"EntryPoint","urlTemplate":"https:\/\/levfestival.com\/24-gijon\/?s={search_term_string}"},"query-input":"required name=search_term_string"}],"inLanguage":"es"}]}},"_links":{"self":[{"href":"https:\/\/levfestival.com\/24-gijon\/wp-json\/wp\/v2\/pages\/1390","targetHints":{"allow":["GET"]}}],"collection":[{"href":"https:\/\/levfestival.com\/24-gijon\/wp-json\/wp\/v2\/pages"}],"about":[{"href":"https:\/\/levfestival.com\/24-gijon\/wp-json\/wp\/v2\/types\/page"}],"author":[{"embeddable":true,"href":"https:\/\/levfestival.com\/24-gijon\/wp-json\/wp\/v2\/users\/1"}],"replies":[{"embeddable":true,"href":"https:\/\/levfestival.com\/24-gijon\/wp-json\/wp\/v2\/comments?post=1390"}],"version-history":[{"count":62,"href":"https:\/\/levfestival.com\/24-gijon\/wp-json\/wp\/v2\/pages\/1390\/revisions"}],"predecessor-version":[{"id":2190,"href":"https:\/\/levfestival.com\/24-gijon\/wp-json\/wp\/v2\/pages\/1390\/revisions\/2190"}],"wp:attachment":[{"href":"https:\/\/levfestival.com\/24-gijon\/wp-json\/wp\/v2\/media?parent=1390"}],"curies":[{"name":"wp","href":"https:\/\/api.w.org\/{rel}","templated":true}]}}